27*d. Let s(w) = 3*w**3 - 2*w**2 + w. Let u be s(1). Suppose u*t - 159 + 63 = 0. Calculate the highest common factor of t and d.
12
Let l(x) = -x**2 + 2*x + 42. Let c be l(7). Suppose 5*h - c*h + 104 = 0. What is the greatest common factor of 104 and h?
52
Suppose -3*w - 86 = -3*m + w, -3*m = -3*w - 90. Suppose -77 = 4*i - k - 280, 2*i + 3*k = 105. What is the greatest common factor of i and m?
17
Let x be 651*18/135*5. Calculate the highest common factor of 98 and x.
14
Let m = 2355 - 2125. Calculate the greatest common divisor of m and 30.
10
Let l be (567/1134)/(1*2/1012). What is the highest common factor of l and 1587?
23
Let n(t) = 5*t**2 - 41*t - 172. Let d be n(14). Calculate the highest common factor of 9 and d.
9
Suppose 3*w + 3*x + 38 - 200 = 0, w - 66 = 5*x. Suppose r - 3*a - 296 = 0, -5*r + 2*a - 932 = -8*r. Calculate the greatest common divisor of r and w.
28
Let z(t) be the second derivative of -t**5/20 + t**4/2 + 5*t**3/2 + 7*t**2 - 35*t. Let p be z(8). Calculate the highest common factor of p and 42.
6
Let l(a) = -3*a - 3. Let r be l(-6). Let w be 5330/4 + (-32)/((-2048)/160). Calculate the highest common factor of w and r.
15
Let f = 293 + -290. Suppose -f*a + u + 16 = 0, -2 + 4 = a - 2*u. What is the highest common divisor of a and 10?
2
Let h be 4/(-6) - 219728/(-48). What is the highest common divisor of h and 23?
23
Suppose 5*n - 5*y - 35 = 0, 0*y - 15 = 5*y. Suppose -2*i + n*i - 4*j + 68 = 0, 3*i - 3*j = -111. Let r = i + 192. What is the highest common factor of r and 19?
19
Let n = -183 - -274. Let b = 104 - n. Calculate the highest common factor of b and 455.
13
Let a = 903 + -671. What is the greatest common factor of 136 and a?
8
Let b = 263 + -269. Let r be ((-99)/(-12))/(b/(336/(-2))). Calculate the greatest common factor of 42 and r.
21
Suppose -l + 6*l = 2*m - 60, 2*l = 4*m - 136. Suppose -m*p + 2682 = 232. What is the greatest common divisor of 280 and p?
70
Let v(d) = d**3 + 32*d**2 - 2*d - 23. Let j = 139 + -171. Let l be v(j). Calculate the greatest common factor of 41 and l.
41
Let c be 783 - -27 - (1 + 1*-1). Suppose 4*u = -2*o + 324, -u - 4*u - c = -5*o. Let d be -2 - 1*20/(-1). What is the greatest common factor of d and o?
18
Let d = -144 - -248. Suppose -5*r = -35*n + 33*n - 16, 0 = -n + 2. Calculate the greatest common divisor of r and d.
4
Suppose 8*x + 12 = 4*x. Let o be (7/5 + x)/(4/(-3370)). Suppose 4*i + c + 3*c - o = 0, 0 = -4*i + c + 1343. What is the greatest common factor of 42 and i?
42
Let a = -19219 + 21623. What is the greatest common factor of 4 and a?
4
Suppose 542*f - 128218 = 44138. What is the highest common divisor of f and 38?
2
Suppose 0 = 5*q - 2*q + 9. Let j be q/(-6) + 101/2. Let v be -6 + (2/1 - (6 - (6 + 72))). What is the highest common factor of v and j?
17
Suppose -2*n - 6294 = -45*g + 40*g, -3*g - n + 3761 = 0. Calculate the greatest common factor of 1099 and g.
157
Let c(l) = l**2 - 34*l + 49. Let j be c(32). Let b be 1/(6/j)*198/(-45). What is the greatest common divisor of b and 11?
11
Suppose 0 = -248*l - 207*l + 5641 + 2549. Calculate the highest common divisor of l and 21834.
18
Suppose -5*l + 40 = -6*b + 3*b, -15 = 3*b. Let j = 1 + l. Let x(i) = -i**2 - 28*i - 49. Let z be x(-23). What is the greatest common factor of j and z?
6
Let p = -1410 + 1437. What is the highest common divisor of p and 1?
1
Suppose -5*o + 80 = b, 0 = -12*o + 14*o + 3*b - 19. Suppose -3*f + o = -55. Calculate the highest common divisor of f and 216.
24
Let a be 2/(-21) - ((-1750008)/(-252))/(-26). What is the greatest common divisor of a and 979?
89
Let h = 20 - 17. Let o(q) be the first derivative of q**2 + 15*q - 45. Let f be o(6). What is the highest common factor of h and f?
3
Let q(c) = c**2 + 27*c + 31. Let a be q(-26). Suppose 3*y - 9 = -3*x, 9*x - 18 = -a*y + 7*x. Calculate the greatest common factor of y and 14.
2
Suppose -2*d + 2*v + 74 = 4, 4*d + 4*v = 100. Let a(i) = 9*i + 73. Suppose 21 = -40*b + 37*b. Let f be a(b). What is the greatest common factor of d and f?
10
Let w(b) = 3*b**2 + 19*b - 41. Let j be w(-15). Suppose 5*t + 5*f - 310 = 0, -j = -5*t + f - 45. Calculate the highest common divisor of t and 488.
61
Let u be ((-4)/(-3))/(124/(-93)) - 1162*-1. Calculate the highest common divisor of 9 and u.
9
Let a(r) = -19*r - 468. Let x be a(-26). Let j be (1/(-3))/((-5)/195). What is the greatest common divisor of j and x?
13
Suppose 4*x = -4*b + 2*x + 8, b - 5*x - 2 = 0. Let n(p) = 18*p**3 - p**2 + 4*p - 4. Let h be n(b). What is the highest common factor of 16 and h?
16
Let w(j) = -j**3 - 9*j**2 + 20*j + 225. Let g be w(-11). What is the greatest common factor of 38 and g?
19
Suppose -3*p + 3*t - 15 = -3, -16 = 3*p - 4*t. Suppose 25*c - 26*c = -4*z + 62, p = -z - 5*c + 5. What is the greatest common factor of z and 6?
3
Let k = -704 + 818. Suppose 127 = 5*h - 38. Suppose -15 = -8*g + h. Calculate the highest common divisor of k and g.
6
Let p(z) = -20*z - 368. Let c be p(-22). Calculate the greatest common factor of c and 63.
9
Suppose m + 5 = 2*m. Suppose 3*l = m*g - 798, -11*l + 822 = 5*g - 8*l. What is the highest common factor of 36 and g?
18
Suppose -4*x + 18190 = 2*r, 4*r - 4 = -24. What is the greatest common factor of x and 525?
175
Suppose 7*u - 5 - 9 = 0. Let z be 5/10*u - -38. Let j be 21*(z/(-9) - -4)*-8. What is the greatest common factor of 7 and j?
7
Let z be 24/2*136/204. Calculate the highest common divisor of 1688 and z.
8
Let h(m) = 5*m - 3. Let d be h(2). Let r(q) = 39*q + 29. Let y be r(5). What is the greatest common divisor of d and y?
7
Let g be (-13 + 7400/75)/((-2)/(-24)). Calculate the highest common divisor of g and 12.
4
Let l be 424/(-1484)*(-1 + -1133)/2. What is the highest common factor of 1323 and l?
27
Let l = 21 - 10. Suppose l*u - 24 = 7*u. Suppose 3 = 4*i + 3*d, -8*i - 3*d + u = -3*i. Calculate the greatest common divisor of 30 and i.
3
Let y(u) = 8*u**3 + u**2 - 1. Let c be y(1). Suppose -8*v = c*v - 1408. Let o = 122 - v. What is the greatest common factor of 85 and o?
17
Let i(n) = -15*n - 1024. Let q be i(-76). Calculate the greatest common factor of 3712 and q.
116
Let v be 3*(14/(-6))/(-1). Suppose 91 + 672 = v*d. Let a = -1 + d. What is the highest common divisor of a and 12?
12
Suppose 3*j - 249 = 105. Let q = -115 - -120. Suppose 2 = -c, -q*c + 525 = 3*t - 2*c. Calculate the highest common factor of j and t.
59
Let a = -441 - -441. Suppose 2*b + 9 = 5*x - 167, -2*x + 5*b + 83 = a. Let f be ((-7)/(-2))/((-1)/(-34)). Calculate the highest common factor of x and f.
17
Suppose f = 2*f - 209. Let d = -15944 + 16001. Calculate the highest common factor of f and d.
19
Let d be (6 + -6)/(-1 + 1 - -1). Suppose d*i = 16*i - 800. Calculate the greatest common divisor of i and 30.
10
Suppose 0 = -902*k - 462*k + 84568. Let z(p) = 17*p**2 + 4*p - 2. Let y be z(-5). What is the highest common factor of y and k?
31
Let f(q) = 99*q**2 - 46*q - 5. Let b be f(-2). Calculate the highest common divisor of b and 112.
7
Suppose -404 = -4*w + 113*z - 117*z, -3*w + 267 = -3*z. Calculate the greatest common divisor of w and 551.
19
Let y = 18376 + -12117. What is the greatest common factor of y and 77?
11
Let u be 2/(-6) - 49/(-21). Suppose 9 = u*z - 1. Suppose 0 = -2*i + 1 + z. What is the highest common divisor of 3 and i?
3
Let m = -85 + -6. Let h = -26 - m. Calculate the highest common divisor of 65 and h.
65
Let l = -92 - -98. Let i be l/(-9) + (-76)/(-6). Let s(z) = z**3 - 13*z**2 + 15*z + 4. Let y be s(i). What is the greatest common divisor of 120 and y?
40
Let l be (-23 + 2)/(-8 - 65/(-10)). Suppose 2*q + 18 = 112. Suppose -4*c = t - 9*c - q, 3*c = t - 45. What is the greatest common divisor of l and t?
14
Suppose -147 = 16*j + 333. Let n be 9675/j*(-48)/20. Calculate the greatest common divisor of 43 and n.
43
Suppose -308 = 24*r + 22*r - 1504. What is the highest common divisor of r and 328?
2
Suppose -223*t + 2237 = -205*t - 625. What is the highest common divisor of 583 and t?
53
Let v be (-3*1)/(4/368*-6). Let k = 267 - v. Suppose -2*s = s - 5*m - k, -2*s + 158 = 2*m. Calculate the highest common factor of s and 11.
11
Let j(q) = -13*q**2 + 209*q + 77. Let f be j(16). Calculate the greatest common divisor of 2325 and f.
93
Let g be (68